{"id":9,"date":"2016-01-25T13:09:49","date_gmt":"2016-01-25T12:09:49","guid":{"rendered":"http:\/\/www.bouclard.com\/restaurant\/?page_id=9"},"modified":"2024-01-26T11:11:37","modified_gmt":"2024-01-26T10:11:37","slug":"michel-bonnemort-donne-vie-au-bouclard","status":"publish","type":"page","link":"https:\/\/www.bouclard.com\/restaurant\/","title":{"rendered":"Le restaurant"},"content":{"rendered":"<h3><strong><span style=\"color: #800000;\">LE BOUCLARD est ouvert !<br \/>\n<\/span><a href=\"https:\/\/www.bouclard.com\/restaurant\/menu\/\"><span style=\"color: #800000;\"><span style=\"text-decoration: underline;\">SUR PLACE<\/span><\/span><\/a><span style=\"color: #800000;\"> ET TOUJOURS EN <span style=\"text-decoration: underline;\"><a href=\"https:\/\/www.bouclard.com\/restaurant\/wp-content\/uploads\/2021\/01\/Bouclar_a_emporter.pdf\" target=\"_blank\" rel=\"noopener\">VENTE \u00c0 EMPORTER<\/a><\/span><\/span><\/strong><\/h3>\n<p>Si vous venez nous voir&#8230; vous pouvez r\u00e9server une table ou passer une commande en nous contactant \u00e0 l\u2019un de ces num\u00e9ros :<\/p>\n<ul>\n<li><span style=\"color: #800000;\"><strong>Le Bouclard : 01 45 22 60 01<br \/>\n<\/strong><\/span><\/li>\n<li><span style=\"color: #800000;\"><strong>Jacqueline : 06 63 09 62 32<\/strong><\/span><\/li>\n<li><strong><span style=\"color: #800000;\">ou par mail : rezabouclard@gmail.com<\/span><\/strong><\/li>\n<\/ul>\n<p>Nous restons \u00e0 votre disposition <strong>du mardi au vendredi<\/strong> afin que vous puissiez<br \/>\ncontinuer \u00e0 d\u00e9guster nos d\u00e9licieux produits.<\/p>\n<p><strong>Au plaisir de vous recevoir prochainement<\/strong><strong> !<br \/>\n<\/strong><\/p>\n<hr \/>\n<p class=\"texte_normal\"><img loading=\"lazy\" decoding=\"async\" class=\"wp-image-161 alignleft\" src=\"http:\/\/www.bouclard.com\/restaurant\/wp-content\/uploads\/2016\/01\/michel_bonnemort_le_bouclard_2.jpg\" alt=\"\" width=\"212\" height=\"236\" \/>Enfant turbulent, <strong>Michel Bonnemort<\/strong> a polic\u00e9 ses ardeurs en pratiquant le judo qu&rsquo;il enseignera plus tard conjointement \u00e0 sa pratique de kin\u00e9sith\u00e9rapeute.<\/p>\n<p class=\"texte_normal\">Vrai Parisien attach\u00e9 \u00e0 ses racines, Michel succombera pourtant en 1967, \u00e0 \u201cl&rsquo;American Dream\u201c mais sans jamais s&rsquo;\u00e9garer ! Pendant vingt-cinq ans, de New York o\u00f9 il \u00e9tait install\u00e9, ce \u201cbec fin\u201c fait rayonner la <strong>gastronomie fran\u00e7aise <\/strong>en communiquant pour le compte de la Sopexa sur grands vins, fromages des terroirs fran\u00e7ais, foies gras, truffes, etc.<\/p>\n<p class=\"texte_normal\">Au d\u00e9tour de la cinquantaine, il revient en France avec la volont\u00e9 affirm\u00e9e d&rsquo;ouvrir un restaurant. Il faut dire qu&rsquo;il avait de qui tenir : entre Rosalie,\u00a0l&rsquo;arri\u00e8re grand-m\u00e8re et le grand-p\u00e8re paternel Ayral, propri\u00e9taire du \u201cCochon d&rsquo;Or\u201c \u00e0 la Villette pendant 60 ans, chez les Bonnemort-Ayral, on ne conna\u00eet de religion, que celle de la bonne ch\u00e8re.<\/p>\n<p><iframe loading=\"lazy\" src=\"https:\/\/www.youtube.com\/embed\/_yi-9g26sTM?rel=0\" width=\"560\" height=\"315\" frameborder=\"0\" allowfullscreen=\"allowfullscreen\"><\/iframe><\/p>\n<p class=\"texte_normal\" style=\"text-align: left;\">En 1993, il trouve pr\u00e8s de la place de Clichy, l&#8217;emplacement de ce qui deviendra \u201cson\u201c <strong>Bouclard <\/strong>(Boutique en langage populaire). Dans ce quartier populaire, Michel Bonnemort a reconstitu\u00e9 un <strong>vrai bistrot parisien<\/strong> dans lequel il forme une \u00e9quipe de jeunes apprentis aux secrets de la <strong>\u2018cuisine de grand-m\u00e8re\u201c<\/strong> : gratin de queues d&rsquo;\u00e9crevisses, foie gras Lucullus, sabayon de langouste et pi\u00e8ces de viande dans la tradition \u201cCochon d&rsquo;Or\u201c. <strong>Michel signe toutes les recettes h\u00e9rit\u00e9es ou inspir\u00e9es des plats que concoctaient ses a\u00efeuls et qu&rsquo;on peut rassembler dans la famille des plats traditionnels Fran\u00e7ais<\/strong>.<\/p>\n<p><strong><img loading=\"lazy\" decoding=\"async\" class=\"alignleft wp-image-183\" src=\"http:\/\/www.bouclard.com\/restaurant\/wp-content\/uploads\/2016\/01\/jacqueline.jpg\" alt=\"jacqueline\" width=\"164\" height=\"183\" \/>Jacqueline<\/strong> vous y accueille <span style=\"color: #800000;\">pour d\u00e9jeuner,<\/span> du mardi au vendredi, de 12h \u00e0 14h <span style=\"color: #800000;\">et pour diner,<\/span> du mardi au samedi, de 18h \u00e0 22h30.<\/p>\n<p><iframe loading=\"lazy\" src=\"https:\/\/www.youtube.com\/embed\/dxT7C9H2brc?rel=0\" width=\"560\" height=\"315\" frameborder=\"0\" allowfullscreen=\"allowfullscreen\"><\/iframe><\/p>\n","protected":false},"excerpt":{"rendered":"<div class=\"entry-summary\">\nLE BOUCLARD est ouvert ! SUR PLACE ET TOUJOURS EN VENTE \u00c0&hellip;\n<\/div>\n<div class=\"link-more\"><a href=\"https:\/\/www.bouclard.com\/restaurant\/\" class=\"more-link\">Continue reading<span class=\"screen-reader-text\"> &ldquo;Le restaurant&rdquo;<\/span>&hellip;<\/a><\/div>\n","protected":false},"author":1,"featured_media":0,"parent":0,"menu_order":0,"comment_status":"closed","ping_status":"closed","template":"","meta":{"footnotes":""},"class_list":["post-9","page","type-page","status-publish","hentry","entry"],"_links":{"self":[{"href":"https:\/\/www.bouclard.com\/restaurant\/wp-json\/wp\/v2\/pages\/9","targetHints":{"allow":["GET"]}}],"collection":[{"href":"https:\/\/www.bouclard.com\/restaurant\/wp-json\/wp\/v2\/pages"}],"about":[{"href":"https:\/\/www.bouclard.com\/restaurant\/wp-json\/wp\/v2\/types\/page"}],"author":[{"embeddable":true,"href":"https:\/\/www.bouclard.com\/restaurant\/wp-json\/wp\/v2\/users\/1"}],"replies":[{"embeddable":true,"href":"https:\/\/www.bouclard.com\/restaurant\/wp-json\/wp\/v2\/comments?post=9"}],"version-history":[{"count":73,"href":"https:\/\/www.bouclard.com\/restaurant\/wp-json\/wp\/v2\/pages\/9\/revisions"}],"predecessor-version":[{"id":844,"href":"https:\/\/www.bouclard.com\/restaurant\/wp-json\/wp\/v2\/pages\/9\/revisions\/844"}],"wp:attachment":[{"href":"https:\/\/www.bouclard.com\/restaurant\/wp-json\/wp\/v2\/media?parent=9"}],"curies":[{"name":"wp","href":"https:\/\/api.w.org\/{rel}","templated":true}]}}